e prime factors of g.
2, 5
Let y = -42 + 24. Let n = y - -24. Suppose -3*c + j = -10, j = n*j - 25. What are the prime factors of c?
5
Let r = 26 + -32. List the prime factors of (-112)/(-3) + r/(-9).
2, 19
Let q(w) = -w + 28. Let s be q(10). Let v = s + -7. List the prime factors of v.
11
Suppose -4*r - 9 - 11 = -5*m, 5*m + 2*r = 50. What are the prime factors of (m/(-6))/((20/855)/(-4))?
2, 3, 19
Suppose -3*f = -4*g + 331, -3*f - 5 = 2*f. Suppose -90 - g = -4*s + 4*c, 5*s + c - 209 = 0. Suppose o + s = 3*o. What are the prime factors of o?
3, 7
Suppose 7*l + 3 = 8*l. Suppose 0 = l*u - 2*q - 103, 5*u - 2*q + 3*q - 176 = 0. List the prime factors of u.
5, 7
Let c = 397 + -154. List the prime factors of c.
3
Let p = -1136 - -2008. List the prime factors of p.
2, 109
What are the prime factors of (494/(-8))/(7/(-140))?
5, 13, 19
Let u(v) be the first derivative of v**2/2 - 4*v - 5. Let s be u(6). What are the prime factors of (20/8)/(s/20)?
5
Suppose -4 = u + 5*l + 14, -2*l = -3*u + 14. Suppose -5*h + 13 - 3 = 0. Suppose -h*y - 4*f + 54 = 0, y - 4*y + 77 = u*f. List the prime factors of y.
5
Let n be (-8)/(-6)*3 - (-50)/10. Let x be ((-8)/(-10))/(2/125). Let l = x - n. What are the prime factors of l?
41
Suppose 9*m = 1118 + 1096. What are the prime factors of m?
2, 3, 41
Suppose -48488 = -20*f - 24*f. List the prime factors of f.
2, 19, 29
Let c(f) = 4*f**3 + 9*f**2 - 21*f - 7. Let r(b) = -b**3 - 2*b**2 + 5*b + 2. Let a(x) = -2*c(x) - 9*r(x). What are the prime factors of a(4)?
2, 3
Suppose -3*m + 4 = -m. Suppose -w = -2*q + 9, 6 = m*w - 3*w + q. List the prime factors of (-197)/(-4) - w/(-12).
7
Let j = -273 + 136. Let t = j - -234. What are the prime factors of t?
97
Let f be 24/(-30) + (-648)/(-10). Suppose 3*r = t + 248, -3*t - f = -r + 2*t. List the prime factors of r.
2, 3, 7
Let g = 2126 + -470. What are the prime factors of g?
2, 3, 23
What are the prime factors of (-810)/(-2) - (-8 + 14)?
3, 7, 19
Let c(n) = 98*n + 543. What are the prime factors of c(22)?
2699
Let j = -18 - -24. Let o be j/5*(-25)/(-2). Let q = o - 4. What are the prime factors of q?
11
Let v(k) = 64*k + 66. What are the prime factors of v(3)?
2, 3, 43
Let p = -52 + 108. Suppose f + 2*f = 2*o - 54, -2*f = -2*o + p. Suppose -5*v - o = -6*v. List the prime factors of v.
2, 3, 5
Suppose -3*r = 4*a + 21, 17 = -4*a - 4*r - 7. List the prime factors of 138 + a*5/(-3).
11, 13
Let x(a) be the third derivative of -7*a**4/24 - 2*a**3 - 4*a**2. Suppose 3*s = -12, -2*s - 15 = 5*b + 23. List the prime factors of x(b).
2, 3, 5
Let s = 433 - 107. Suppose 2*c + 0*c - 2*x - s = 0, -3*c - x = -477. Suppose -2*y + c = 2*y. What are the prime factors of y?
2, 5
Let s be -4 - 5/(-10)*4. Let j be 1 + 6/s + -64. Let a = -45 - j. What are the prime factors of a?
3, 7
Let x(v) = v**3 - 11*v**2 + 15*v - 13. Let p(o) = -o**2 - 10*o + 10. Let r be p(-10). What are the prime factors of x(r)?
37
Suppose -4*k + 5*t = 34, 0 = 2*k - 2*t + 25 - 9. Let z be (-2)/(-4)*(k - -402). Suppose 3*u = -2*h + 6*h + z, 3*u - 3*h = 195. List the prime factors of u.
2, 31
Suppose -32 + 2 = -6*k. Suppose 2*c - 1 = k. Suppose c*v = -v + 132. List the prime factors of v.
3, 11
Let p be -1 + ((-64)/4 - 1). Let n be (-132)/p - (-2)/(-6). Suppose -5*x + n*x - 34 = 0. List the prime factors of x.
17
Suppose 2*v - 4 - 1 = -3*a, -4*v = 4*a. Suppose -236 = -a*w - 16. What are the prime factors of w?
2, 11
Let n(s) = s**3 + 18*s**2 - 24*s**2 - 4*s - 4 - 2*s. Let h be n(7). Suppose -3*b + 9 = k + 2*k, 0 = h*k. List the prime factors of b.
3
Let a be (12/16)/((-3)/(-36)). Let x(h) = -a - h + 17*h - 14 + 24. List the prime factors of x(2).
3, 11
Let r be (-6)/12 + (-77)/2. Let i = -15 - r. List the prime factors of 306/i - 1/(-4).
13
Suppose -2*w = -5*r + 1233, 0 = r - 4*r + w + 740. What are the prime factors of r?
13, 19
Suppose -1246 = -2*o + 3*p - 241, o = -5*p + 522. What are the prime factors of o?
3, 13
Let y(u) = 317*u - 57. List the prime factors of y(4).
7, 173
Let t(x) = 1838*x**2 - 4*x + 3. Let d be t(1). Suppose -9*o = -20*o + d. List the prime factors of o.
167
Suppose 0 = 6*s - 122 - 22. What are the prime factors of 3/4 - (-2214)/s?
3, 31
Suppose -12*f + 15307 = -18077. List the prime factors of f.
2, 13, 107
Let q(j) = 2*j + 16. Let f be q(16). Suppose 40 = -0*t + 4*t. What are the prime factors of (f/(-15))/((-4)/t)?
2
Suppose 6*i = -i - 98. List the prime factors of 4/i + 3370/35 + 4.
2, 5
Suppose 0 = -3*m + 2*m + 25. Suppose 12 = -t + m. List the prime factors of t.
13
List the prime factors of 3468/(-48)*(11 + 1)/(-3).
17
Let a(m) = 3*m**2 + 20*m + 99. What are the prime factors of a(20)?
1699
Let r(d) = 18*d - 21. Let f(n) = 2*n**2 - 3*n - 2. Let a be f(3). What are the prime factors of r(a)?
3, 5, 7
Suppose -3788*t + 3779*t = -3780. List the prime factors of t.
2, 3, 5, 7
Let d(g) = -677 + 2*g + 657 - 18*g + g**2. List the prime factors of d(-9).
5, 41
Let s(f) = -f**3 - 12*f**2 + f + 14. Let t be s(-12). Suppose 0 = -3*i + t*i. Let n = 33 - i. What are the prime factors of n?
3, 11
Let n(x) = -x + 2. Let c be n(-5). Let i = -3 - 5. Let t = c - i. List the prime factors of t.
3, 5
Let j be 3/(-9) + (-32)/(-6). Suppose -j*y - 35 = -5*a, -2*y + 6*y + 16 = -2*a. Suppose -a*h + 89 = -13. List the prime factors of h.
3, 17
Let w(j) = j**3 + 6*j**2 + 5*j - 5. Let g be w(-5). Let i(q) = q**2 - 3*q + 2. Let t(c) = 3*c - 3. Let y(x) = 3*i(x) + 4*t(x). List the prime factors of y(g).
2, 3
Let s(k) = 68*k**3 + k. Let z be s(1). Suppose 4*v - 99 = z. List the prime factors of v.
2, 3, 7
Suppose -12*w + w + 63184 = 0. List the prime factors of w.
2, 359
Suppose n + 0*n - 190 = -5*s, 5*n = 3*s - 114. Suppose -6*x + s = -4*x. What are the prime factors of x?
19
Let y be 5 + -1 + -10 + 9. Suppose y*m = -40 + 151. What are the prime factors of m?
37
Suppose 4*s - 5*s = 0. Let v be (-11 - -18) + -1 + s. List the prime factors of (-1)/(-3) - (-58)/v.
2, 5
Let x be (-1)/(-2) + (-9)/6. Let a be 98/7 + -3 + x. Suppose -a*q + 276 = -6*q. What are the prime factors of q?
3, 23
Suppose -j + 237*q = 241*q - 653, -j - 5*q + 657 = 0. List the prime factors of j.
7, 13
Let b(v) = -42*v + 45*v + 2 + 5*v**2 + v**3 + 3*v**2. What are the prime factors of b(-4)?
2, 3
Let d = 736 + -404. What are the prime factors of d?
2, 83
List the prime factors of (-6 - 31910/(-30)) + 2/6.
2, 23
Suppose -2*a + 14 = -3*y - 6*a, -y - 3*a = 13. Suppose y*w + 201 = 5*w. List the prime factors of w.
67
Let t = -27 - -30. Suppose 6*h - 72 = t*h. List the prime factors of h.
2, 3
List the prime factors of -1 + -1 + 79 + (-12)/(-12).
2, 3, 13
Let v(f) = f**3 - 7*f**2 - 2*f + 8. Let z be v(7). What are the prime factors of ((-272)/z)/(28/42)?
2, 17
What are the prime factors of 212*12/(-3)*(-2)/32?
53
Let t(u) = -u**3 + 12*u**2 - 14*u - 9. Let i be t(10). Suppose 0 = -4*p - a - i + 775, 0 = p - 3*a - 194. List the prime factors of p.
2, 7, 13
Let s be 136/(4*4/40). Suppose -2*r - 3*r = -s. List the prime factors of r.
2, 17
Let i = 61 - 58. List the prime factors of (-5 + i)/(4/(-50)).
5
Suppose 2*u + 7 = 5*k - 9, -12 = 2*u - 4*k. Suppose u*x - 2*b = 186, 0 = -3*x - 3*b + 5*b + 274. What are the prime factors of x?
2, 11
Let v = 1 + 4. Suppose 2*k - 112 = -k + x, -5*x - 170 = -v*k. What are the prime factors of k?
3, 13
Let c = 228 - 159. Suppose 2*q - 104 = -q - 4*g, -3*q + 3*g = -c. List the prime factors of q.
2, 7
List the prime factors of (24680/(-60))/((-10)/75).
5, 617
Let j = -18 - -11. Let g(t) = -31*t - 13. List the prime factors of g(j).
2, 3, 17
Let j be (-41)/3 - (-14)/(-21)*-1. Let a = 39 - 6. Let n = a - j. List the prime factors of n.
2, 23
Suppose 29*u = 24*u + 345. Suppose 5*l + 17 = r, 3*r = 2*l - 5*l + u. Suppose 5 = g, -3*t - g + r = -73. List the prime factors of t.
2, 3, 5
What are the prime factors of 3 + ((-44)/(-77) - 7272/(-14))?
523
Suppose -12*w = -4*g - 10*w + 2814, -2*w + 1410 = 2*g. What are the prime factors of g?
2, 11
Let i(p) = -10*p**3 - 2*p**2 + p + 2. Let f be i(-2). Let q = -28 + f. Suppose -2*h + q = -h. List the prime factors of h.
2, 11
Suppose 0*n - 71 = 3*n + 4*i, 0 = 4*i - 4. Let k = 28 + n. Suppose 0 = -k*q + 3*o + 21, 0 = 2*q - 3*o - 13. List the prime factors of q.
2
Let u(t) = 38*t - 13. Let c be u(5). Supp